m. List the prime factors of c.
149
Let c be -98*3/(-24)*-4. Let q = 104 + c. Suppose -3*x = d - 89 - 87, -4*d + q = x. List the prime factors of x.
59
Suppose 6*p + 9 = -3. List the prime factors of 78026/52 + 1/p.
2, 3, 5
Let v(t) = 2103*t + 58. Let n be v(22). Suppose n = 36*p - 19016. List the prime factors of p.
3, 5, 11
Let z = -29 - 3. Suppose c = f - 42, -f + 6*c + 39 = 4*c. Let n = z + f. What are the prime factors of n?
13
Let t = -166 + 169. Suppose 22*a - 1710 = t*a. List the prime factors of a.
2, 3, 5
Suppose 4*a + 11556 = 2*l, 24*l - 20*l = a + 23105. List the prime factors of l.
2, 19
Let k = 32 + -30. Suppose 985 = k*x + 3*x. List the prime factors of x.
197
Suppose -191 = -3*k + 55. Suppose -2*h + 5*l + k = 0, 0 = -2*h - 2*l + 72 - 4. Suppose -34*m - 38 = -h*m. List the prime factors of m.
19
Let r(c) = 260*c - 1353. List the prime factors of r(17).
3067
Let n be ((-3)/(-2))/(3 + (-411)/138). Suppose -y = 5*v - 5*y - n, -4*y + 61 = 5*v. Let c(k) = 7*k + 8. List the prime factors of c(v).
3, 11
Suppose 0 = 2*y + 3*s - 1072, -4*s + 2430 = 5*y - 264. List the prime factors of y.
2, 271
Let m(r) = -r**2. Let i(f) = 23*f**2 - f + 3. Let q(c) = i(c) - 6*m(c). Let u be (1 - 3/10) + (-216)/(-720). List the prime factors of q(u).
31
Suppose 3*j + 1042 = -2*w, 269 = -w - j - 253. Let c = -141 - w. Suppose -2*p - 5*g + 260 = 0, c = 7*p - 4*p + 4*g. What are the prime factors of p?
5
Let z be (5 - 3)/(9 + -8). List the prime factors of 54*(15/10 + z).
3, 7
Let u = -11565 + 30474. List the prime factors of u.
3, 11, 191
Let a = 24626 - 23331. List the prime factors of a.
5, 7, 37
Suppose -32 = 6*f - 20. What are the prime factors of f*(185649/(-874) - (-4)/(-46))?
5, 17
List the prime factors of ((-754044)/248)/((-2)/4).
3, 2027
Suppose -115*r + 62*r - 266592 = -65*r. List the prime factors of r.
2, 2777
Let q(x) be the second derivative of -x**5/20 - 17*x**4/6 - 43*x**3/6 + 3*x**2/2 + 13*x. List the prime factors of q(-33).
3, 37
Let c(h) = 181*h + 25. Let n be c(2). Suppose 2*l = -5*t + n, -2*t = l - 104 - 91. What are the prime factors of l?
3, 67
Let o(r) = -17*r**3 - 17*r**2 + 32*r + 198. What are the prime factors of o(-9)?
2, 3, 607
Let o(t) = t**3 + 129*t**2 + 2080*t + 93. What are the prime factors of o(-41)?
7, 8963
Let w = 35512 + -19193. What are the prime factors of w?
16319
Let p(m) = 19*m - 36. Let v be p(2). Let y = 1097 - v. List the prime factors of y.
3, 5, 73
Suppose -3*w + 43398 = -2*l - 0*l, -5*w = 5*l - 72330. What are the prime factors of w?
2, 3, 2411
Let n = 46 + -40. Let h = n + 32. Suppose k = 77 + h. What are the prime factors of k?
5, 23
Let u(n) = 208*n**2 + 4*n + 3. Let w be u(-2). Suppose -4*x + w = -3*r, 2 = 2*r + 4. What are the prime factors of x?
2, 103
Let r(o) = 36*o**2 + 182*o + 85. List the prime factors of r(-25).
5, 3607
Let b = 7218 - -1883. List the prime factors of (3 - 2 - 3)/((-38)/b).
479
Let u(h) = -h**3 + 15*h**2 + 9*h + 84. Let y be u(13). Let v = 65 + y. List the prime factors of v.
2, 151
Let g(r) = 24 + 4*r + 11*r**2 - 14*r - 42. What are the prime factors of g(6)?
2, 3, 53
Let c = -103 + 94. Suppose 30 = -3*n + 3. What are the prime factors of (c + n)*(-2)/2?
2, 3
Let w(g) = -g**3 - 12*g**2 - 29*g - 84. Let f be w(-10). Let i be (1 + -1)/(2 - 1). Suppose -f*u + 25 + 71 = i. List the prime factors of u.
2
Let f(m) = 351*m**2 + 4*m + 42. List the prime factors of f(6).
2, 3, 29, 73
Let y(i) = 3*i**2 - 16*i + 8. Suppose -177 - 3 = -4*q. Suppose 7*t - 2*t = q. What are the prime factors of y(t)?
107
Suppose 0 = -61*s + 1714684 + 472837. List the prime factors of s.
7, 47, 109
Let u(s) = 183*s + 304. Let d be u(25). Suppose 14*n - 7*n = d. List the prime factors of n.
17, 41
Let q(y) = -3*y. Let l(k) = k**3 - 5*k**2 - 14*k. Let t be l(7). Let x be q(t). Suppose x*a = g - 5*a - 18, 1 = a. What are the prime factors of g?
23
Let j = 33169 - -5683. What are the prime factors of j?
2, 11, 883
Suppose 567*y + 598*y - 462*y - 45875671 = 0. List the prime factors of y.
65257
Suppose 38 - 5 = -3*b. Let y = 14 + b. Suppose -4*r + 668 = 2*s + 164, 0 = -y*s + 5*r + 712. List the prime factors of s.
2, 61
Suppose 0 = g - y + 3 - 6, -4*g + 44 = 4*y. Suppose 0 = -g*o + 4*o. Suppose 2*u = -o*z - 3*z + 111, -3*u = -2*z + 87. List the prime factors of z.
3, 13
Suppose 674182 + 551359 - 195207 = 113*y. What are the prime factors of y?
2, 47, 97
Let h(w) = 4*w**2 + 45*w - 386. What are the prime factors of h(23)?
5, 7, 79
Suppose -2*t - 75178 = -4*o, 3*o + 69*t - 65*t - 56378 = 0. List the prime factors of o.
2, 9397
Let y(o) = 56*o**2 - o - 331. What are the prime factors of y(-20)?
3, 37, 199
Suppose 2*r + 4*n = 10190, -5*r - n + 2043 = -23441. List the prime factors of r/5 + 30/(-75).
1019
Let j be ((-11)/(-22))/(1/1)*44. Let y(s) = s**2 + 14*s - 125. List the prime factors of y(j).
23, 29
Let z be 27/54*1*-1*2. List the prime factors of (50 + z)/(-2 - 39/(-18)).
2, 3, 7
Let f(k) = -k**2 + 10*k - 12. Let s be f(8). Suppose -2*w = -3*r - 218 + 1089, 0 = -2*r + s*w + 578. What are the prime factors of r?
3, 97
Suppose 163*d - 69*d - 5023172 = 0. What are the prime factors of d?
2, 7, 11, 347
Suppose z = x + 4*x - 11889, z = 1. Suppose -x = -3*a - 269. What are the prime factors of a?
19, 37
Let p(x) = -2*x**2 + 11*x + 185. Let m be p(-7). List the prime factors of (-202*(-6)/m)/((-9)/(-45)).
2, 3, 101
What are the prime factors of (-2696450)/(-110) + 4/(-22) + 3?
2, 3, 227
Let w be 4 + (0 + 7)*-1 + -19785. What are the prime factors of 4/22 - w/187?
2, 53
Let j = 1047 + -246. Let v = j - 346. List the prime factors of v.
5, 7, 13
Suppose -6*l = 24, -61*q + 64*q = -3*l + 20244. What are the prime factors of q?
2, 211
Let s = 66 - 71. List the prime factors of (-1)/(38/96 + 2/s).
2, 3, 5
Let t be (-55 - -58)/(6/(-256)). Let w = 206 + t. What are the prime factors of w?
2, 3, 13
Let j(i) = -i**3 - 7*i**2 - 8*i - 8. Let l be j(-6). Let c = 126 + 188. Suppose -10 = -l*k + c. List the prime factors of k.
3
List the prime factors of ((-540)/225)/(27/(-244395)).
2, 5431
Suppose -z - 49*u + 3432 = -54*u, 5*u - 5 = 0. List the prime factors of z.
7, 491
List the prime factors of (15996/54)/((-8)/(-72)).
2, 31, 43
List the prime factors of 42239*(-1)/(-5) + 330/1650.
2, 3, 11
Suppose -5*z - 10 = 0, -u + 0*z = -z. Let k be (-1)/u - (4 - 21/6). Suppose k = -5*p + 20 + 470. List the prime factors of p.
2, 7
Let k be (48/(-60))/((-4)/30). Let b be ((-45)/(-3))/(1/(-4)*k). What are the prime factors of ((-122)/b)/(3/15)?
61
Let q(j) = 67*j**3 + j**2 + 5*j + 8. Let m(h) = h**3 + h**2 + h - 2. Let i(a) = -2*m(a) - q(a). What are the prime factors of i(-2)?
2, 5, 11
Suppose 0 = -19*k + 33*k - 16*k + 47794. List the prime factors of k.
23, 1039
Let l(f) = -285*f + 317. List the prime factors of l(-21).
2, 23, 137
Let y(a) = -374*a**3 - 20*a**2 + a - 4. List the prime factors of y(-2).
2, 1453
What are the prime factors of (768/20)/((-20)/(-50))?
2, 3
Suppose 9*x + 1918 = -125. Let d = x + 418. List the prime factors of d.
191
Let h be (-131)/(-7) + (-2)/(-7). Let l = h - 16. Suppose -u = 3*q - 67, -l*u + 98 = -2*q - 114. What are the prime factors of u?
2, 5, 7
Let h = 503 - -19117. List the prime factors of h.
2, 3, 5, 109
List the prime factors of (-25263)/(-4) + 27/(-36).
3, 5, 421
Let r(m) = 115*m**2 + 149*m + 730. List the prime factors of r(-5).
2, 5, 11, 13
Let t = 62 - 70. Let d be (-2289)/(-147) + t/14. Suppose d + 21 = 6*f. What are the prime factors of f?
2, 3
Let w(i) = -39*i + 1306. What are the prime factors of w(-19)?
23, 89
What are the prime factors of 15/(-40) + 243491/136?
2, 5, 179
Let m(w) = 6*w + 24 - 50 - 179*w + 855*w. List the prime factors of m(1).
2, 41
What are the prime factors of 2/(-15) - -8*(-4)/(300/(-185945))?
2, 47, 211
Let l(z) = z**2 - 6*z - 16. Let t be l(7). Let h be 48/4*((-15)/t - 1). Let v = 163 - h. List the prime factors of v.
5, 31
Let f(y) = 1291*y**2 + 49*y - 386. List the prime factors of f(8).
2, 5, 8263
Suppose -34*h - 33652 + 369538 = 233*h. What are the prime factors of h?
2, 17, 37
Let y = 221 + -79. Let k be 1/(-3 - (-185)/62). Let h = y + k. What are the prime factors of h?
2, 5
Suppose 0 = 5*r + 20, -l = r - 26 - 17. Let i = 90 - l. Suppose -2*w - 14 = -2*x + 2*w, -